(2).
-16
Let r(u) = -u**3 + 42*u - 4. Calculate r(6).
32
Let q(j) = 9*j**2 - 582*j + 280. What is q(64)?
-104
Let h(f) = 46*f**3 + 322*f**2 - 50*f - 405. Give h(-7).
-55
Let s(n) = 2*n**3 - 85*n**2 - 2258*n + 104. Determine s(61).
43
Let v(g) = 209*g - 22307. What is v(106)?
-153
Let z(i) = -i**3 - 22*i**2 - 112*i + 52. Calculate z(-11).
-47
Let f(w) = 2*w**3 - 43*w**2 + 461*w - 10561. What is f(22)?
65
Let q(i) = -2*i**3 + 24*i**2 + 227*i - 2749. Calculate q(11).
-10
Let o(f) = 3838*f + 253322. Determine o(-66).
14
Let o(z) = -2693*z + 153492. Give o(57).
-9
Let h(t) = -4*t**3 + 445*t**2 - 166*t + 6099. Give h(111).
-6
Let x(d) = d**3 + 3334*d**2 - 13343*d - 44. Determine x(4).
-8
Let k(p) = 2538*p + 53403. Calculate k(-21).
105
Let f(q) = -2*q**2 - 318*q - 4234. Calculate f(-145).
-174
Let p(h) = -h**2 - 1318*h + 23958. Give p(18).
-90
Let r(q) = -3*q**2 + 175*q + 1510. Determine r(-8).
-82
Let o(x) = -179606*x + 13111239. Give o(73).
1
Let v(k) = k**3 - 20*k**2 + 180*k - 13. What is v(6)?
563
Let g(s) = -5510*s - 495900. Calculate g(-90).
0
Let a(s) = -s**3 + 367*s**2 + 391*s - 8395. Calculate a(368).
69
Let u(w) = -1531*w + 2899. Determine u(2).
-163
Let g(n) = 2*n**3 + 5*n**2 - 934*n - 4600. Calculate g(-5).
-55
Let t(i) = -97766*i - 586596. Determine t(-6).
0
Let w(b) = 25*b**2 + 1001*b - 1961. Determine w(-42).
97
Let t(l) = 22*l**3 - 4*l**2 + 43*l - 122. Calculate t(3).
565
Let g(i) = -i**3 + 31*i**2 + 288*i + 16. Calculate g(-7).
-138
Let m(y) = 29*y**2 - 30838*y + 11699. Determine m(1063).
6
Let c(a) = a**2 - 4406*a + 52324. Give c(12).
-404
Let f(z) = -z**3 - 91*z**2 - 84*z + 8247. What is f(-89)?
-119
Let l(k) = 6*k**2 - 5411*k - 16281. What is l(-3)?
6
Let c(r) = -5635*r - 152185. Give c(-27).
-40
Let u(s) = s**2 + 6465*s + 365221. Calculate u(-57).
-35
Let w(b) = -27773*b + 55700. Calculate w(2).
154
Let x(z) = 2403*z - 16597. Give x(7).
224
Let u(v) = 236*v + 7406. Determine u(-31).
90
Let a(v) = 2*v**2 - 82*v + 731. Determine a(28).
3
Let n(h) = -4*h**3 - 77*h**2 + 104*h + 3490. Calculate n(-18).
-2
Let w(v) = 2*v**2 - 146*v + 720. Determine w(68).
40
Let w(l) = -83*l + 4106. Give w(43).
537
Let j(l) = l**3 + 23*l**2 + 13*l - 1688. Give j(-17).
-175
Let m(o) = -170*o**3 - 5*o**2 + 85*o + 90. Give m(-1).
170
Let f(k) = -441*k**2 + 146409*k + 988. Calculate f(332).
-8
Let o(w) = 153147*w - 7351073. What is o(48)?
-17
Let r(g) = 4892*g - 4913. Determine r(1).
-21
Let y(f) = -f**2 + 18*f + 958. What is y(43)?
-117
Let x(l) = l**3 + 24*l**2 + 615*l + 16279. Calculate x(-25).
279
Let k(z) = 4*z**2 - 972*z + 3822. Determine k(4).
-2
Let o(t) = -55174*t - 275994. What is o(-5)?
-124
Let z(r) = -2*r**3 + 831*r**2 - 15074*r + 128. Determine z(19).
-5
Let c(g) = 21*g**2 - 162*g - 1310. Give c(-8).
1330
Let x(s) = -1435*s - 91838. Determine x(-64).
2
Let c(j) = -6971*j - 160326. Calculate c(-23).
7
Let s(z) = -7*z**2 - 804*z - 388. What is s(-114)?
296
Let i(v) = -289*v + 29821. Determine i(101).
632
Let i(x) = -11*x**3 + 254*x**2 + 229*x + 179. Calculate i(24).
-85
Let y(a) = -6*a**3 + 6*a**2 - 1789*a + 5379. Give y(3).
-96
Let o(f) = 9*f**3 - 1277*f**2 - 144*f + 368. Determine o(142).
84
Let g(a) = -393*a + 7047. What is g(19)?
-420
Let t(m) = 2*m**2 + 105*m + 332. Give t(-50).
82
Let z(x) = -19575*x + 12939072. What is z(661)?
-3
Let x(p) = -p**3 - 119*p**2 - 564*p - 207. Give x(-114).
-891
Let w(l) = 54*l**3 - 691*l**2 - 5*l - 8. Calculate w(0).
-8
Let m(l) = -8*l**2 + 864*l + 20483. Give m(-20).
3
Let t(i) = -1667*i - 14310. Give t(-9).
693
Let t(f) = -39097*f + 2814994. What is t(72)?
10
Let q(o) = -2*o**2 - 64*o + 375. Determine q(-36).
87
Let m(a) = a**3 + 70*a**2 + 28*a - 518. Determine m(-70).
-2478
Let x(h) = -h**2 - 272*h + 4670. Calculate x(16).
62
Let o(f) = 24*f**2 - 62*f + 342. What is o(5)?
632
Let b(s) = -14*s**2 - 623*s - 225. What is b(-38)?
3233
Let j(w) = 90*w + 475. Give j(5).
925
Let w(s) = s**2 + 209*s + 10229. Give w(-134).
179
Let i(l) = -25022*l + 74971. Calculate i(3).
-95
Let n(v) = v**3 + 181*v**2 - 740*v - 1636. Give n(-185).
-1636
Let u(l) = -16*l**2 + 3634*l + 308. Calculate u(228).
-2884
Let y(v) = 169*v**2 - 2207*v + 170. Give y(13).
40
Let s(w) = -w**3 - 58*w**2 - 737*w - 29. What is s(-36)?
-2009
Let c(k) = 25749*k - 3579104. Determine c(139).
7
Let m(c) = c**3 - 2*c**2 - 6525*c + 45432. What is m(7)?
2
Let a(d) = 87*d**2 + 5266*d - 2509. What is a(-61)?
-8
Let i(t) = 205*t**2 + 262*t + 40. What is i(-1)?
-17
Let u(s) = -57*s**2 + 3652*s + 49. What is u(64)?
305
Let g(w) = w**3 - 840*w**2 - 92968*w + 6514. Determine g(939).
-59
Let j(w) = 4*w**2 + 19756*w + 157790. What is j(-8)?
-2
Let l(r) = 16*r**3 + 6143*r**2 - 473*r - 34173. Give l(-384).
3
Let d(g) = 96661*g + 2899822. Determine d(-30).
-8
Let u(c) = -9225*c + 193823. Calculate u(21).
98
Let w(h) = -8101*h + 2414034. Determine w(298).
-64
Let r(a) = -1913*a - 4918319. Give r(-2571).
4
Let p(d) = -d**3 + 3*d**2 + 53*d - 175. Determine p(5).
40
Let d(m) = -37225*m - 558317. Give d(-15).
58
Let p(m) = -23113*m + 162085. Give p(7).
294
Let a(j) = 1470*j + 182234. Give a(-124).
-46
Let o(u) = -5677*u**2 - 102182*u - 102. What is o(-18)?
-174
Let w(m) = 160080*m - 1600840. Calculate w(10).
-40
Let g(f) = -f**3 - 93*f**2 - 1902*f - 649. Give g(-63).
107
Let c(z) = -4030*z - 8119. Calculate c(-2).
-59
Let l(j) = 1170*j + 105260. What is l(-90)?
-40
Let d(b) = 22415*b - 112083. Give d(5).
-8
Let l(q) = -2*q**2 - 895*q - 78600. What is l(-120)?
0
Let v(i) = i**3 - 248*i**2 - 4328*i + 3024. What is v(-17)?
15
Let m(u) = u**3 - 37*u**2 - 111*u - 4148. Give m(42).
10
Let i(k) = 91*k**2 - 5534*k - 1053. Calculate i(61).
-16
Let k(x) = 219987*x + 2419861. What is k(-11)?
4
Let j(b) = -35547*b + 142191. What is j(4)?
3
Let x(r) = r**2 - 143409*r + 16478809. What is x(115)?
-1
Let o(w) = 2*w**3 + 74*w**2 - 132*w - 153. Determine o(-39).
-1089
Let o(c) = 3817*c + 45820. Calculate o(-12).
16
Let p(a) = 13796*a - 137502. Give p(10).
458
Let o(d) = -d**2 + 12695*d - 139525. What is o(11)?
-1
Let a(k) = 199*k + 28041. Determine a(-141).
-18
Let q(u) = 3*u**3 + 32*u**2 + 150*u + 3261. Give q(-13).
128
Let i(u) = -8747*u + 34968. What is i(4)?
-20
Let s(i) = -153*i - 46. Determine s(0).
-46
Let y(q) = -1075267*q + 8602144. Determine y(8).
8
Let y(x) = 9*x**3 - 6*x**2 + 7*x + 31. Give y(5).
1041
Let m(d) = 88593*d + 354360. Determine m(-4).
-12
Let h(d) = 279*d + 91592. Calculate h(-328).
80
Let f(w) = 1004189*w - 5020946. Determine f(5).
-1
Let n(j) = 8*j**2 + 3025*j + 203. Determine n(-378).
-175
Let o(n) = -129*n - 11731. Determine o(-94).
395
Let k(y) = -109748*y + 329263. Calculate k(3).
19
Let j(k) = -7344*k + 44752. Give j(7).
-6656
Let w(n) = -4*n**2 - 97*n + 35. Determine w(-18).
485
Let g(s) = 5*s**3 + 1478*s**2 + 957*s + 21232. What is g(-295)?
-8
Let a(u) = -u**2 - 132*u - 4608. Give a(-39).
-981
Let j(m) = 31*m**2 - 1917*m - 116. Give j(62).
194
Let x(v) = -98696*v + 15. Calculate x(0).
15
Let s(d) = d**3 - 26*d**2 + 197*d - 436. Give s(14).
-30
Let i(b) = -2*b**3 + 365*b**2 + 236*b - 9705. Give i(183).
-6
Let f(u) = u**3 - 322*u**2 - 36592*u - 1158. Give f(-89).
-1
Let a(u) = u**3 + 257*u**2 - 2549*u + 32297. What is a(-267)?
-10
Let c(o) = -2*o**2 + 280*o - 4334. Determine c(122).
58
Let f(j) = -6*j**3 + j**2 + 215*j - 891. Calculate f(4).
-399
Let i(o) = o**3 - 26*o**2 - 112*o + 2104. Determine i(26).
-808
Let g(x) = x**2 - 21*x - 41. Give g(-2).
5
Let p(s) = s**3 + 161*s**2 + 549*s - 12382. What is p(-157)?
21
Let s(w) = -3*w**3 - w**2 - 606*w + 2435. Calculate s(4).
-197
Let d(t) = 3641*t - 9841. Give d(3).
1082
Let r(m) = -5*m**2 + 572*m - 1716. What is r(3)?
-45
Let y(u) = -u**3 + 34*u**2 - 91*u - 178. Determine y(16).
2974
Let a(o) = 11*o**3 - 166*o**2 - 65*o + 89. Determine a(15).
-1111
Let u(l) = l**3 + 838*l**2 + 6631*l - 7483. What is u(-830)?
-13
Let k(u) = -223*u - 54146. Determine k(-243).
43
Let p(g) = 34660*g + 1386396. Determine p(-40).
-4
Let v(q) = 7*q**2 - 784*q + 24872. What is v(32)?
6952
Let j(c) = -c**2 - 34*c + 7036. Give j(-103).
-71
Let g(j) = 103773*j - 726448. Calculate g(7).
-37
Let d(n) = n**3 - 71*n**2 + 194*n + 67. What is d(68)?
-613
Let c(n) = -2*n**2 - 2416*n - 416075. Give c(-208).
-75
Let a(b) = b**3 - 28*b**2 + 12